{"id":293742,"date":"2024-12-22T23:23:27","date_gmt":"2024-12-22T22:23:27","guid":{"rendered":"https:\/\/os-ivanovec.skole.hr\/?page_id=293742"},"modified":"2025-12-15T13:13:01","modified_gmt":"2025-12-15T12:13:01","slug":"dvorana","status":"publish","type":"page","link":"https:\/\/os-ivanovec.skole.hr\/?page_id=293742","title":{"rendered":"Dvorana"},"content":{"rendered":"\n<figure class=\"wp-block-image size-full\"><img decoding=\"async\" width=\"1024\" height=\"576\" src=\"https:\/\/os-ivanovec.skole.hr\/wp-content\/uploads\/sites\/1042\/2024\/12\/image-7-3.jpg\" alt=\"\" class=\"wp-image-293745\" srcset=\"https:\/\/os-ivanovec.skole.hr\/wp-content\/uploads\/sites\/1042\/2024\/12\/image-7-3.jpg 1024w, https:\/\/os-ivanovec.skole.hr\/wp-content\/uploads\/sites\/1042\/2024\/12\/image-7-3-980x551.jpg 980w, https:\/\/os-ivanovec.skole.hr\/wp-content\/uploads\/sites\/1042\/2024\/12\/image-7-3-480x270.jpg 480w\" sizes=\"(min-width: 0px) and (max-width: 480px) 480px, (min-width: 481px) and (max-width: 980px) 980px, (min-width: 981px) 1024px, 100vw\" \/><\/figure>\n\n\n\n<h2 class=\"wp-block-heading has-pale-ocean-gradient-background has-background\">Javni natje\u010daj za zakup \u0161kolske sportske dvorane za 2026. godinu<\/h2>\n\n\n\n<p><strong>Tekst javnog natje\u010daja za zakup \u0161kolske sportske dvorane za 2026. godinu i obrazac prijave pogledajte u prilo\u017eenim dokumentima.<\/strong><\/p>\n\n\n\n<div data-wp-interactive=\"core\/file\" class=\"wp-block-file\"><object data-wp-bind--hidden=\"!state.hasPdfPreview\" hidden class=\"wp-block-file__embed\" data=\"https:\/\/os-ivanovec.skole.hr\/wp-content\/uploads\/sites\/1042\/2025\/12\/Natjecaj-sportska-dvorana.pdf\" type=\"application\/pdf\" style=\"width:100%;height:600px\" aria-label=\"Ugra\u0111eno Natjecaj-sportska-dvorana.\"><\/object><a id=\"wp-block-file--media-9716fdfe-faa1-48c4-b194-5f6644ebd1fa\" href=\"https:\/\/os-ivanovec.skole.hr\/wp-content\/uploads\/sites\/1042\/2025\/12\/Natjecaj-sportska-dvorana.pdf\">Natjecaj-sportska-dvorana<\/a><a href=\"https:\/\/os-ivanovec.skole.hr\/wp-content\/uploads\/sites\/1042\/2025\/12\/Natjecaj-sportska-dvorana.pdf\" class=\"wp-block-file__button wp-element-button\" download aria-describedby=\"wp-block-file--media-9716fdfe-faa1-48c4-b194-5f6644ebd1fa\">Preuzmi<\/a><\/div>\n\n\n\n<div class=\"wp-block-file\"><a id=\"wp-block-file--media-652f7193-6973-47e6-a04e-f0c2368a4187\" href=\"https:\/\/os-ivanovec.skole.hr\/wp-content\/uploads\/sites\/1042\/2025\/12\/Obrazac_prijave_na_natjecaj_za_zakup_skolske_sportske_dvorane.docx\">Obrazac_prijave_na_natjecaj_za_zakup_skolske_sportske_dvorane<\/a><a href=\"https:\/\/os-ivanovec.skole.hr\/wp-content\/uploads\/sites\/1042\/2025\/12\/Obrazac_prijave_na_natjecaj_za_zakup_skolske_sportske_dvorane.docx\" class=\"wp-block-file__button wp-element-button\" download aria-describedby=\"wp-block-file--media-652f7193-6973-47e6-a04e-f0c2368a4187\">Preuzmi<\/a><\/div>\n\n\n\n<p><strong>Tekst javnog natje\u010daja za zakup \u0161kolske sportske dvorane za 2025. godinu i obrazac prijave pogledajte u prilo\u017eenim dokumentima.<\/strong><\/p>\n\n\n\n<div class=\"wp-block-file\"><a id=\"wp-block-file--media-83e9ddac-d999-4553-afb0-de14aa55ebd3\" href=\"https:\/\/os-ivanovec.skole.hr\/wp-content\/uploads\/sites\/1042\/2024\/12\/Obrazac_prijave_na_natjecaj_za_zakup_skolske_sportske_dvorane.docx\">Obrazac_prijave_na_natjecaj_za_zakup_skolske_sportske_dvorane<\/a><a href=\"https:\/\/os-ivanovec.skole.hr\/wp-content\/uploads\/sites\/1042\/2024\/12\/Obrazac_prijave_na_natjecaj_za_zakup_skolske_sportske_dvorane.docx\" class=\"wp-block-file__button wp-element-button\" download aria-describedby=\"wp-block-file--media-83e9ddac-d999-4553-afb0-de14aa55ebd3\">Preuzmi<\/a><\/div>\n","protected":false},"excerpt":{"rendered":"<p>Javni natje\u010daj za zakup \u0161kolske sportske dvorane za 2026. godinu Tekst javnog natje\u010daja za zakup \u0161kolske sportske dvorane za 2026. godinu i obrazac prijave pogledajte u prilo\u017eenim dokumentima. Tekst javnog natje\u010daja za zakup \u0161kolske sportske dvorane za 2025. godinu i obrazac prijave pogledajte u prilo\u017eenim dokumentima.<\/p>\n","protected":false},"author":9689,"featured_media":0,"parent":128,"menu_order":0,"comment_status":"closed","ping_status":"closed","template":"","meta":{"_et_pb_use_builder":"off","_et_pb_old_content":"<!-- wp:image {\"id\":293745,\"sizeSlug\":\"full\",\"linkDestination\":\"none\"} -->\n<figure class=\"wp-block-image size-full\"><img src=\"https:\/\/os-ivanovec.skole.hr\/wp-content\/uploads\/sites\/1042\/2024\/12\/image-7-3.jpg\" alt=\"\" class=\"wp-image-293745\"\/><\/figure>\n<!-- \/wp:image -->\n\n<!-- wp:paragraph -->\n<p><h2 class=\"text\" style=\"margin: 0px; padding: 7px 10px 7px 17px; font-family: &quot;Trebuchet MS&quot;, sans-serif; font-size: 18.2px; font-weight: normal; color: rgb(0, 0, 0); white-space-collapse: collapse;\">Javni natje\u010daj za zakup \u0161kolske sportske dvorane za 2025. godinu<\/h2><\/p>\n<!-- \/wp:paragraph -->\n\n<!-- wp:paragraph -->\n<p><strong>Tekst javnog natje\u010daja za zakup \u0161kolske sportske dvorane za 2025. godinu i obrazac prijave pogledajte u prilo\u017eenim dokumentima.<\/strong><\/p>\n<!-- \/wp:paragraph -->\n\n<!-- wp:file {\"id\":293748,\"href\":\"https:\/\/os-ivanovec.skole.hr\/wp-content\/uploads\/sites\/1042\/2024\/12\/Obrazac_prijave_na_natjecaj_za_zakup_skolske_sportske_dvorane.docx\"} -->\n<div class=\"wp-block-file\"><a id=\"wp-block-file--media-83e9ddac-d999-4553-afb0-de14aa55ebd3\" href=\"https:\/\/os-ivanovec.skole.hr\/wp-content\/uploads\/sites\/1042\/2024\/12\/Obrazac_prijave_na_natjecaj_za_zakup_skolske_sportske_dvorane.docx\">Obrazac_prijave_na_natjecaj_za_zakup_skolske_sportske_dvorane<\/a><a href=\"https:\/\/os-ivanovec.skole.hr\/wp-content\/uploads\/sites\/1042\/2024\/12\/Obrazac_prijave_na_natjecaj_za_zakup_skolske_sportske_dvorane.docx\" class=\"wp-block-file__button wp-element-button\" download aria-describedby=\"wp-block-file--media-83e9ddac-d999-4553-afb0-de14aa55ebd3\">Preuzmi<\/a><\/div>\n<!-- \/wp:file -->\n\n<!-- wp:file {\"id\":293751,\"href\":\"https:\/\/os-ivanovec.skole.hr\/wp-content\/uploads\/sites\/1042\/2024\/12\/Natjecaj_dvorana_2025.pdf\",\"displayPreview\":true} -->\n<div class=\"wp-block-file\"><object class=\"wp-block-file__embed\" data=\"https:\/\/os-ivanovec.skole.hr\/wp-content\/uploads\/sites\/1042\/2024\/12\/Natjecaj_dvorana_2025.pdf\" type=\"application\/pdf\" style=\"width:100%;height:600px\" aria-label=\"Natjecaj_dvorana_2025\"><\/object><a id=\"wp-block-file--media-569a18fe-dd1b-4ec6-8d73-4516ff91485e\" href=\"https:\/\/os-ivanovec.skole.hr\/wp-content\/uploads\/sites\/1042\/2024\/12\/Natjecaj_dvorana_2025.pdf\">Natjecaj_dvorana_2025<\/a><a href=\"https:\/\/os-ivanovec.skole.hr\/wp-content\/uploads\/sites\/1042\/2024\/12\/Natjecaj_dvorana_2025.pdf\" class=\"wp-block-file__button wp-element-button\" download aria-describedby=\"wp-block-file--media-569a18fe-dd1b-4ec6-8d73-4516ff91485e\">Preuzmi<\/a><\/div>\n<!-- \/wp:file -->","_et_gb_content_width":"","footnotes":""},"class_list":["post-293742","page","type-page","status-publish","hentry"],"_links":{"self":[{"href":"https:\/\/os-ivanovec.skole.hr\/index.php?rest_route=\/wp\/v2\/pages\/293742","targetHints":{"allow":["GET"]}}],"collection":[{"href":"https:\/\/os-ivanovec.skole.hr\/index.php?rest_route=\/wp\/v2\/pages"}],"about":[{"href":"https:\/\/os-ivanovec.skole.hr\/index.php?rest_route=\/wp\/v2\/types\/page"}],"author":[{"embeddable":true,"href":"https:\/\/os-ivanovec.skole.hr\/index.php?rest_route=\/wp\/v2\/users\/9689"}],"replies":[{"embeddable":true,"href":"https:\/\/os-ivanovec.skole.hr\/index.php?rest_route=%2Fwp%2Fv2%2Fcomments&post=293742"}],"version-history":[{"count":6,"href":"https:\/\/os-ivanovec.skole.hr\/index.php?rest_route=\/wp\/v2\/pages\/293742\/revisions"}],"predecessor-version":[{"id":298089,"href":"https:\/\/os-ivanovec.skole.hr\/index.php?rest_route=\/wp\/v2\/pages\/293742\/revisions\/298089"}],"up":[{"embeddable":true,"href":"https:\/\/os-ivanovec.skole.hr\/index.php?rest_route=\/wp\/v2\/pages\/128"}],"wp:attachment":[{"href":"https:\/\/os-ivanovec.skole.hr\/index.php?rest_route=%2Fwp%2Fv2%2Fmedia&parent=293742"}],"curies":[{"name":"wp","href":"https:\/\/api.w.org\/{rel}","templated":true}]}}