{"id":20,"date":"2023-07-28T22:02:44","date_gmt":"2023-07-28T20:02:44","guid":{"rendered":"https:\/\/os-ivanovec.skole.hr\/?page_id=20"},"modified":"2025-01-02T12:22:14","modified_gmt":"2025-01-02T11:22:14","slug":"o-skoli","status":"publish","type":"page","link":"https:\/\/os-ivanovec.skole.hr\/?page_id=20","title":{"rendered":"O \u0161koli"},"content":{"rendered":"\n<figure class=\"wp-block-image aligncenter size-large is-resized\"><img decoding=\"async\" width=\"1024\" height=\"766\" src=\"https:\/\/os-ivanovec.skole.hr\/wp-content\/uploads\/sites\/1042\/2025\/01\/image-7-6-1024x766.jpg\" alt=\"\" class=\"wp-image-294420\" style=\"width:483px;height:auto\" srcset=\"https:\/\/os-ivanovec.skole.hr\/wp-content\/uploads\/sites\/1042\/2025\/01\/image-7-6-980x733.jpg 980w, https:\/\/os-ivanovec.skole.hr\/wp-content\/uploads\/sites\/1042\/2025\/01\/image-7-6-480x359.jpg 480w\" sizes=\"(min-width: 0px) and (max-width: 480px) 480px, (min-width: 481px) and (max-width: 980px) 980px, (min-width: 981px) 1024px, 100vw\" \/><\/figure>\n\n\n\n<p><strong>IZ PRO\u0160LOSTI \u0160KOLSTVA U IVANOVCU<\/strong><\/p>\n\n\n\n<p><strong>RAZVOJ \u0160KOLSTVA U IVANOVCU<\/strong><\/p>\n\n\n\n<p>Dana 29.listopada puni \u00a0\u00a0\u00a0\u00a0se deset godina od otvorenja nove \u0161kolske zgrade u Ivanovcu. To je prilika da se podsjetimo kako je tekao razvoj \u0161kolstva u pro\u0161losti Ivanovca. O najranijim po\u010decima \u0161kolstva nema pisanih povijesnih izvora. Zahvaljuju\u0107i zapisima usmene predaje seljaka koje je u \u0161kolsku spomenicu upisao u\u010ditelj Juraj (\u0110uka) Hitrec do\u0161av\u0161i na slu\u017ebovanje u Ivanovec 1.4.1927.g. \u00a0sa\u010duvani su osnovni podaci o \u0161kolstvu Ivanovca krajem 19. i po\u010detkom 20. stolje\u0107a. Pisani podaci i dokumenti za to razdoblje vjerojatno su postojali, ali su uni\u0161teni u ratnom mete\u017eu i prilikom povla\u010denja ma\u0111arske uprave iz Me\u0111imurja 1918.g. Prije gradnje prve \u0161kolske zgrade u Ivanovcu 1871.g. \u0161kolovanje seoske djece nije bilo organizirano nego su se podu\u010davanja vr\u0161ila privatno, naj\u010de\u0161\u0107e po seoskim ku\u0107ama. Djecu su pou\u010davali pismeni seljaci. \u0160kola nije bila obavezna, a u\u010denici nisu bili podijeljeni po razredima nego su svi u\u010dili \u010ditanje, pisanje i ra\u010dunanje. Takva nastava odvijala se samo zimi i u vrijeme kad nije bilo poljskih radova iz dva razloga. Prvi je taj \u0161to je u\u010ditelj od seoske op\u0107ine dobivao vjerojatno nedostatnu nov\u010danu nagradu za svoj posao pa je uz pou\u010davanje obra\u0111ivao i svoju zemlju. Drugi razlog je \u0161to je ve\u0107ina djece imala obavezu pomaganja u poljskim radovima svojim obiteljima, \u010duvati stoku, a mnogi seljaci nisu ni imali interesa slati djecu u \u0161kolu.<\/p>\n\n\n\n<p><strong>PRVA \u0160KOLSKA ZGRADA, RAZDOBLJE MA\u0110ARSKE VLADAVINE<\/strong><\/p>\n\n\n\n<p>\u0160kolovanje za ve\u0107inu djece po\u010delo je prije 136 godina, \u00a0kada je u Ivanovcu sagra\u0111ena prva \u0161kolska zgrada &#8211; 1871.g. \u0160kolska zgrada se sastojala od dva dijela: u jednom se nalazila jedna u\u010dionica, a u drugom u\u010diteljski stan. Organizirana je nastava za u\u010denike od 1. do 4. razreda. Prema sa\u010duvanim zapisima prvi u\u010ditelji bili su Branovi\u0107 i Lelek, ali nema podataka jesu li bili slu\u017ebeni u\u010ditelji ili samo pismeni seljaci koji su pou\u010davali. \u00a0\u00a0To je razdoblje\u00a0ma\u0111arske vlasti u Me\u0111imurju koje Ugarsko-hrvatskom nagodbom 1868. g. ponovno pripada ugarskoj polovici dvojne monarhije. \u0160kole su bile u dr\u017eavnom vlasni\u0161tvu pa je dr\u017eava\u00a0postavljala u\u010ditelje. U procesu ma\u0111arizacije otvaraju se nove \u0161kole u koje se uvodi ma\u0111arski jezik pa je takav slu\u010daj i sa ivanove\u010dkom \u0161kolom. Tada je \u0161kola bila obavezna, ali i dalje mnogi u\u010denici neredovito polaze nastavu iz sli\u010dnih razloga kao i u prethodnom razdoblju. \u00a0\u00a0\u00a0\u00a0<\/p>\n\n\n\n<p><strong>IZME\u0110U DVA RATA<\/strong><\/p>\n\n\n\n<p>Raspadom Austro-Ugarske Monarhije i vra\u0107anjem Me\u0111imurja matici Hrvatskoj u sklopu Kraljevstva SHS ponovno se u \u0161kolu vra\u0107a hrvatski jezik. Tada je ivanove\u010dka \u0161kola jednorazredna za u\u010denike od 1. do 4. razreda, a kasnije postaje dvorazredna \u0161kola. Dr\u017eava je 1919. za u\u010diteljicu postavila g\u0111u Ceciliju Ausperger koja je tu slu\u017ebovala do 1926.g. U \u0161kolskoj godini 1924.\/25. nastava se izvodi i za u\u010denike vi\u0161ih razreda, a za one koji su zavr\u0161ili 4. razred uvodi se opetovnica organizirana kao te\u010dajna nastava dva puta tjedno. Tada se na \u0161koli zapo\u0161ljava jo\u0161 jedan u\u010ditelj, a u\u010diteljski stan se pretvara u drugu u\u010dionicu. Otada u\u010ditelji stanuju ili po privatnim ku\u0107ama ili u \u010cakovcu. Nastavu vjeronauka pou\u010davali su franjevci iz \u010dakove\u010dkog samostana.<\/p>\n\n\n\n<p>Prema zakonu o narodnim \u0161kolama iz 1929. g. predvi\u0111a se osmogodi\u0161nje \u0161kolovanje, pa u\u010denici nakon zavr\u0161enog 4. razreda nastavljaju \u0161kolovanje u 1. razredu vi\u0161e narodne \u0161kole. To je bilo mogu\u0107e ostvariti u \u0161kolama koje su imale dovoljno u\u010denika sa zavr\u0161enim 4. razredom i donekle normalne uvjete za rad. U Ivanovcu nije bilo dovoljno u\u010dionica ni nastavnika, pa se nastava vr\u0161ila samo u 4 razreda ni\u017ee narodne \u0161kole za 157 u\u010denika.<\/p>\n\n\n\n<p><strong>MA\u0110ARSKA OKUPACIJA U DRUGOM SVJETSKOM RATU<\/strong><\/p>\n\n\n\n<p>Ma\u0111arska okupacija Me\u0111imurja 1941. ukida u \u0161kolama hrvatski jezik, dovodi u\u010ditelje Ma\u0111are i nastavu na ma\u0111arskom jeziku.<\/p>\n\n\n\n<p><strong>NAKON DRUGOG SVJETSKOG RATA<\/strong><\/p>\n\n\n\n<p>Oslobo\u0111enjem Me\u0111imurja 1945.g. vra\u0107a se u \u0161kolu hrvatski jezik, a \u0161kola je te godine brojila 205 u\u010denika. Preseljenjem Osnovne \u0161kole u Zadru\u017eni dom Ivanovec 1947.g. stvoreni su uvjeti za uvo\u0111enje te\u010dajne nastave 5., 6. i 7. razreda. Predmetna nastava se u vi\u0161e razrede uvodi \u0161kolske godine 1952.\/53. Zanimljivo je pogledati predmete koje su tada u\u010denici slu\u0161ali: hrvatski jezik, matematika, prirodopis, povijest, zemljopis, crtanje, pjevanje, tjelesne vje\u017ebe, dru\u0161tveno moralni odgoj i ru\u010dni rad. I dalje se doga\u0111a da neki roditelji ne \u0161alju djecu u \u0161kolu iako je obavezna. Ako se i nakon upozorenja roditelj oglu\u0161io\u00a0na svoju zakonsku obavezu slu\u010daj je bio proslije\u0111en sucu za prekr\u0161aje. \u00a0Broj u\u010denika se pove\u0107ava dolaskom u\u010denika iz podru\u010dne \u0161kole \u0160tefanec u 5. razred. Za u\u010denike 8. razreda nastava je po prvi put organizirana \u0161kolske godine 1955.\/56., a te godine sa radom zapo\u010dinje i \u0161kolska kuhinja. U to je vrijeme nastava odr\u017eavana \u010dak na tri lokacije: u \u0161kolskoj zgradi, Vatrogasnom domu i Zadru\u017enom domu. Za \u0161kolsku godinu 1957.\/58. vrijedi spomenuti da je me\u0111u osmero u\u010ditelja na \u0161koli radila i gospo\u0111a Marija Kri\u017eari\u0107 koja je na \u0161koli Ivanovec ostala raditi do svoje mirovine. Do svoje mirovine su na \u0161koli radili i supru\u017enici Sovar, \u0160tefica i Josip, koji na \u0161kolu dolaze na jesen 1960. Dulje od 30 godina na na\u0161oj \u0161koli radila je i u\u010diteljica Rozalija \u0160ari\u0107, kao i prvi ravnatelj \u0161kole \u0110uro Horvat.<\/p>\n\n\n\n<p>Prema podacima za 1961.\/62. godinu \u0161kola je imala 429 u\u010denika od 1.-8. razreda. U razdoblju od 1963. \u2013 1967. nastava se odr\u017eavala samo u zgradi Zadru\u017enog doma koji je postao vlasni\u0161tvo O\u0160 Ivanovec.<\/p>\n\n\n\n<p><strong>PODRU\u010cNA \u0160KOLA IVANOVEC<\/strong><\/p>\n\n\n\n<p>Do\u00a0promjene dolazi 1967.g. kada je odlukom Op\u0107inske skup\u0161tine \u010cakovec O\u0160 Ivanovec pripojena O\u0160 Martina Pu\u0161teka u \u010cakovcu. U sljede\u0107ih 30 godina u\u010denici iz Ivanovca i \u0160tefanca su od 5.-8. razreda putovali na nastavu u \u010cakovec. O\u0160 Ivanovec postala je podru\u010dna \u0161kola za u\u010denike od 1.-4. razreda. Polaganjem kamena temeljca za novu \u0161kolsku zgradu 22.9.1995. zapo\u010dela je gradnja koja je zavr\u0161ena u dvije godine. Nova \u0161kolska zgrada otvorena je 29.10.1997. godine i u njoj se nastava izvodi za u\u010denike od 1.-8.razreda iz Ivanovca i \u0160tefanca. Takva je situacija i danas, deset godina poslije otvorenja. \u0160kola broji 272 u\u010denika i za normalno funkcioniranje prema standardima moderne \u0161kole potrebna joj je dogradnja kako bi se nastava mogla vr\u0161iti u jednoj smjeni. Ono \u0161to na\u0161oj \u0161koli jo\u0161 nedostaje \u00a0je \u0161kolska sportska dvorana koju u\u010denici i djelatnici O\u0160 Ivanovec \u017eeljno o\u010dekuju.<\/p>\n\n\n\n<p class=\"has-text-align-right\"><strong>&nbsp;&nbsp;&nbsp;&nbsp;&nbsp;&nbsp;&nbsp;&nbsp;&nbsp;&nbsp;&nbsp;&nbsp;&nbsp;&nbsp; Palmina Novak, prof.<\/strong><\/p>\n\n\n\n<figure class=\"wp-block-image aligncenter size-large is-resized\"><img decoding=\"async\" width=\"1024\" height=\"766\" src=\"https:\/\/os-ivanovec.skole.hr\/wp-content\/uploads\/sites\/1042\/2025\/01\/image-7-5-1024x766.jpg\" alt=\"\" class=\"wp-image-294417\" style=\"width:406px;height:auto\" srcset=\"https:\/\/os-ivanovec.skole.hr\/wp-content\/uploads\/sites\/1042\/2025\/01\/image-7-5-980x733.jpg 980w, https:\/\/os-ivanovec.skole.hr\/wp-content\/uploads\/sites\/1042\/2025\/01\/image-7-5-480x359.jpg 480w\" sizes=\"(min-width: 0px) and (max-width: 480px) 480px, (min-width: 481px) and (max-width: 980px) 980px, (min-width: 981px) 1024px, 100vw\" \/><\/figure>\n\n\n\n<h3 class=\"wp-block-heading\"><strong>DESET GODINA OSNOVNE \u0160KOLE IVANOVEC<\/strong><\/h3>\n\n\n\n<p><strong>(29. listopada 1997. \u2013 29. listopada 2007.)<\/strong><\/p>\n\n\n\n<p>Tog dana, 29. listopada 1997., prohladno jesensko prijepodne nije obe\u0107avalo puno sunca i topli jesenji dan. Ali za \u017eitelje Ivanovca i \u0160tefanca taj dan je u mnoga srca unio puno sunca i topline jer je ostvaren veliki dan za djecu, roditelje i u\u010ditelje. Kona\u010dno je, nakon dugo godina i\u0161\u010dekivanja, otvorena nova \u0161kola. Taj dan rodila se O\u0160 Ivanovec.<\/p>\n\n\n\n<p>Prve godine upisali smo 298 u\u010denika i rasporedili ih u 6 odjela razredne i 7 odjela predmetne nastave. S njima je radilo 23 u\u010ditelja i u\u010diteljica. U \u0161koli je uposleno dvadeset i dvoje u\u010ditelja i u\u010diteljica, dva vjerou\u010ditelja, pedagoginja, knji\u017eni\u010darka, tajnica \u2013 ra\u010dunovo\u0111a i kuharica, lo\u017ea\u010d \u2013 domar i dvije sprema\u010dice.<\/p>\n\n\n\n<p>Obilje\u017eavaju\u0107i 10. ro\u0111endan na\u0161e \u0160kole, s rado\u0161\u0107u&nbsp;i ponosom zbrajamo postignute uspjehe i ostvarene rezultate rada na\u0161ih u\u010denika i u\u010ditelja u proteklome desetlje\u0107u. Zna\u010dajan je i doprinos ostalih djelatnika \u0160kole na odr\u017eavanju \u0161kolske zgrade i okoli\u0161a \u0160kole, briga o prehrani u\u010denika i njihovoj sigurnosti, te o kvaliteti materijalnih uvjeta za rad i u\u010denje.<\/p>\n\n\n\n<p>Svaki djelatnik na\u0161e \u0160kole prepoznatljiv je po posebnim aktivnostima i radu s u\u010denicima ili na poslovima odr\u017eavanja \u0161kolskih prostora i imovine. Ali svi oni ostavili su \u00abtrag\u00bb svojeg rada i aktivnosti u pou\u010davanju i unapre\u0111ivanju procesa odgoja&nbsp;i obrazovanja u\u010denika u na\u0161oj \u0160koli.<\/p>\n\n\n\n<p>Svih ovih godina divili smo se kreativnosti u\u010denika i njihovih voditelja okupljenih u izvannastavnim aktivnostima \u2013 u malom i velikom pjeva\u010dkom zboru, u ritmi\u010dkoj, recitatorskoj, dramskoj, literarnoj i novinarskoj grupi, u folklornoj dru\u017eini i tambura\u0161kom sastavu, u malim veziljama i ekolo\u0161koj grupi. Sadr\u017eaji njihovog rada prezentirani su na javnim nastupima prigodom obilje\u017eavanja blagdana ili zna\u010dajnih dana u godini. Radost u\u010denika bio je i dje\u010dji festival pjesme i plesa koji smo organizirali 10 puta.<\/p>\n\n\n\n<p>Veliki uspjeh u\u010denika i njihovih voditelja postignut je u natjecanjima u znanju na svim razinama \u2013 od \u017eupanije do regije i dr\u017eave. Najuspje\u0161niji smo bili u natjecanju iz engleskog jezika, geografije, tehni\u010dke i likovne kulture, matematike, hrvatskog jezika (dramska, novinarska i literarna grupa).<\/p>\n\n\n\n<p>Filmska dru\u017eina svojim dokumentarnim filmovima postala je dio svijeta Hrvatskog filmskog saveza, HTV \u2013 a i Lidrana.<\/p>\n\n\n\n<p>Ponosimo se i uspjesima na\u0161ih \u0161porta\u0161a. Niz godina ko\u0161arka\u0161ice su najuspje\u0161nije na natjecanjima u \u017eupaniji, a redovito sudjeluju i na natjecanjima na regiji i dr\u017eavi. Ove godine ko\u0161arka\u0161i i ko\u0161arka\u0161ice na\u0161e \u0160kole pobjednici su hrvatske ko\u0161arka\u0161ke lige 2007.<\/p>\n\n\n\n<p>Brojne uspjehe na\u0161ih u\u010denika i njihovih voditelja, kao i dje\u010dje stvarala\u0161tvo \u2013 literarne, novinarske i likovne radove bilje\u017ei na svojim stranicama \u0161kolski list \u00abIvan\u010dica\u00bb.<\/p>\n\n\n\n<div class=\"wp-block-group is-nowrap is-layout-flex wp-container-core-group-is-layout-ad2f72ca wp-block-group-is-layout-flex\">\n<p>Redovito ure\u0111ujemo \u0161kolski park i njegujemo raslinje i cvjetne gredice, to vi\u0161e \u0161to smo vi\u0161e godina uzastopno dobivali priznanja za najuzornije ure\u0111en \u0161kolski park na podru\u010dju Grada \u010cakovca. Na\u0161a \u0160kola bila je doma\u0107in mnogim stru\u010dnim skupovima razredne nastave, hrvatskog jezika, a i sjedi\u0161te je \u017dupanijskog stru\u010dnog aktiva tehni\u010dke kulture. Oprema i uvjeti za rad i u\u010denje zadovoljavaju trenutno programske zahtjeve zahvaljuju\u0107i sufinanciranju na\u0161ih potreba i projekata od strane Ministarstva, Grada \u010cakovca, Vije\u0107a mjesnog odbora Ivanovec i \u0160tefanec i brojnih sponzora i donatora. Me\u0111utim, za organizaciju nastave u jednoj smjeni potrebno je dograditi \u0161kolsku zgradu i izgraditi \u0161kolsku \u0161portsku dvoranu. Zadovoljstvo postignutim daje nam pravo da ustvrdimo da na\u0161a \u0160kola ima ugled, prepoznatljivost i posebnost u mnogim segmentima provo\u0111enja odgoja i obrazovanja koja se prezentira javnom kulturnom i odgojno \u2013 obrazovnom djelatno\u0161\u0107u, suradnjom s roditeljima, udrugama gra\u0111ana u mjestu i lokalnim vlastima. Kota\u010d vremena koje se neumitno i bez povratka okre\u0107e samo u jednom smjeru sa sobom nosi radost, tugu, vedrinu, sje\u0107anja,&#8230; nas. <\/p>\n<\/div>\n\n\n\n<div class=\"wp-block-group is-nowrap is-layout-flex wp-container-core-group-is-layout-ad2f72ca wp-block-group-is-layout-flex\">\n<p><\/p>\n<\/div>\n\n\n\n<figure class=\"wp-block-image aligncenter size-large is-resized\"><img decoding=\"async\" width=\"749\" height=\"1024\" src=\"https:\/\/os-ivanovec.skole.hr\/wp-content\/uploads\/sites\/1042\/2025\/01\/image-7-4-749x1024.jpg\" alt=\"\" class=\"wp-image-294414\" style=\"width:194px;height:auto\" srcset=\"https:\/\/os-ivanovec.skole.hr\/wp-content\/uploads\/sites\/1042\/2025\/01\/image-7-4-749x1024.jpg 749w, https:\/\/os-ivanovec.skole.hr\/wp-content\/uploads\/sites\/1042\/2025\/01\/image-7-4-480x656.jpg 480w\" sizes=\"(min-width: 0px) and (max-width: 480px) 480px, (min-width: 481px) 749px, 100vw\" \/><\/figure>\n\n\n\n<p class=\"has-text-align-right\">&nbsp;&nbsp;&nbsp;&nbsp;&nbsp;&nbsp;&nbsp;&nbsp;&nbsp;&nbsp;&nbsp;&nbsp;&nbsp;&nbsp;&nbsp;&nbsp;&nbsp;&nbsp;&nbsp;&nbsp;&nbsp;&nbsp;&nbsp;&nbsp;&nbsp;&nbsp;&nbsp;&nbsp;&nbsp;&nbsp;&nbsp;&nbsp;&nbsp;&nbsp;&nbsp;&nbsp;&nbsp;&nbsp;&nbsp;&nbsp;&nbsp;&nbsp;&nbsp;&nbsp;&nbsp;&nbsp;&nbsp;&nbsp;&nbsp;&nbsp;&nbsp;&nbsp;&nbsp;&nbsp;&nbsp;&nbsp;&nbsp;&nbsp;&nbsp;&nbsp;&nbsp;&nbsp;&nbsp;&nbsp;&nbsp;&nbsp;&nbsp;&nbsp;&nbsp;&nbsp;&nbsp;&nbsp;&nbsp;&nbsp;&nbsp;&nbsp;&nbsp;&nbsp;&nbsp;&nbsp;&nbsp;&nbsp;&nbsp;&nbsp;&nbsp;&nbsp;&nbsp;&nbsp;&nbsp;&nbsp;&nbsp;&nbsp;&nbsp; \u0110uro Horvat, ravnatelj O\u0160 Ivanovec od 1997. \u2013 2009.<\/p>\n","protected":false},"excerpt":{"rendered":"<p>IZ PRO\u0160LOSTI \u0160KOLSTVA U IVANOVCU RAZVOJ \u0160KOLSTVA U IVANOVCU Dana 29.listopada puni \u00a0\u00a0\u00a0\u00a0se deset godina od otvorenja nove \u0161kolske zgrade u Ivanovcu. To je prilika da se podsjetimo kako je tekao razvoj \u0161kolstva u pro\u0161losti Ivanovca. O najranijim po\u010decima \u0161kolstva nema pisanih povijesnih izvora. Zahvaljuju\u0107i zapisima usmene predaje seljaka koje je u \u0161kolsku spomenicu upisao [&hellip;]<\/p>\n","protected":false},"author":9689,"featured_media":0,"parent":0,"menu_order":0,"comment_status":"closed","ping_status":"closed","template":"","meta":{"_et_pb_use_builder":"off","_et_pb_old_content":"","_et_gb_content_width":"","footnotes":""},"class_list":["post-20","page","type-page","status-publish","hentry"],"_links":{"self":[{"href":"https:\/\/os-ivanovec.skole.hr\/index.php?rest_route=\/wp\/v2\/pages\/20","targetHints":{"allow":["GET"]}}],"collection":[{"href":"https:\/\/os-ivanovec.skole.hr\/index.php?rest_route=\/wp\/v2\/pages"}],"about":[{"href":"https:\/\/os-ivanovec.skole.hr\/index.php?rest_route=\/wp\/v2\/types\/page"}],"author":[{"embeddable":true,"href":"https:\/\/os-ivanovec.skole.hr\/index.php?rest_route=\/wp\/v2\/users\/9689"}],"replies":[{"embeddable":true,"href":"https:\/\/os-ivanovec.skole.hr\/index.php?rest_route=%2Fwp%2Fv2%2Fcomments&post=20"}],"version-history":[{"count":8,"href":"https:\/\/os-ivanovec.skole.hr\/index.php?rest_route=\/wp\/v2\/pages\/20\/revisions"}],"predecessor-version":[{"id":294432,"href":"https:\/\/os-ivanovec.skole.hr\/index.php?rest_route=\/wp\/v2\/pages\/20\/revisions\/294432"}],"wp:attachment":[{"href":"https:\/\/os-ivanovec.skole.hr\/index.php?rest_route=%2Fwp%2Fv2%2Fmedia&parent=20"}],"curies":[{"name":"wp","href":"https:\/\/api.w.org\/{rel}","templated":true}]}}